{"id":847,"date":"2023-12-07T17:04:59","date_gmt":"2023-12-07T16:04:59","guid":{"rendered":"https:\/\/fungesta.com\/site\/?page_id=847"},"modified":"2024-05-12T21:02:11","modified_gmt":"2024-05-12T19:02:11","slug":"recursos","status":"publish","type":"page","link":"https:\/\/fungesta.com\/site\/index.php\/recursos\/","title":{"rendered":"Recursos"},"content":{"rendered":"\t\t<div data-elementor-type=\"wp-page\" data-elementor-id=\"847\" class=\"elementor elementor-847\">\n\t\t\t\t<div class=\"elementor-element elementor-element-6117edf6 e-flex e-con-boxed e-con e-parent\" data-id=\"6117edf6\" data-element_type=\"container\" data-e-type=\"container\" id=\"home\" data-settings=\"{&quot;background_background&quot;:&quot;classic&quot;}\">\n\t\t\t\t\t<div class=\"e-con-inner\">\n\t\t<div class=\"elementor-element elementor-element-173e614a e-con-full e-flex e-con e-child\" data-id=\"173e614a\" data-element_type=\"container\" data-e-type=\"container\">\n\t\t\t\t<div class=\"elementor-element elementor-element-7e755407 elementor-widget elementor-widget-heading\" data-id=\"7e755407\" data-element_type=\"widget\" data-e-type=\"widget\" data-widget_type=\"heading.default\">\n\t\t\t\t<div class=\"elementor-widget-container\">\n\t\t\t\t\t<h4 class=\"elementor-heading-title elementor-size-default\">Fundaci\u00f3n para la Gesti\u00f3n T\u00e9cnica y Acad\u00e9mica<\/h4>\t\t\t\t<\/div>\n\t\t\t\t<\/div>\n\t\t\t\t<div class=\"elementor-element elementor-element-61769bc5 elementor-widget-divider--view-line elementor-widget elementor-widget-divider\" data-id=\"61769bc5\" data-element_type=\"widget\" data-e-type=\"widget\" data-widget_type=\"divider.default\">\n\t\t\t\t<div class=\"elementor-widget-container\">\n\t\t\t\t\t\t\t<div class=\"elementor-divider\">\n\t\t\t<span class=\"elementor-divider-separator\">\n\t\t\t\t\t\t<\/span>\n\t\t<\/div>\n\t\t\t\t\t\t<\/div>\n\t\t\t\t<\/div>\n\t\t\t\t<div class=\"elementor-element elementor-element-428e1d7b elementor-widget elementor-widget-heading\" data-id=\"428e1d7b\" data-element_type=\"widget\" data-e-type=\"widget\" data-widget_type=\"heading.default\">\n\t\t\t\t<div class=\"elementor-widget-container\">\n\t\t\t\t\t<h1 class=\"elementor-heading-title elementor-size-default\">FunGesta<\/h1>\t\t\t\t<\/div>\n\t\t\t\t<\/div>\n\t\t\t\t<div class=\"elementor-element elementor-element-b01ec2c elementor-widget elementor-widget-image\" data-id=\"b01ec2c\" data-element_type=\"widget\" data-e-type=\"widget\" data-widget_type=\"image.default\">\n\t\t\t\t<div class=\"elementor-widget-container\">\n\t\t\t\t\t\t\t\t\t\t\t\t\t\t\t<img decoding=\"async\" width=\"300\" height=\"132\" src=\"https:\/\/fungesta.com\/site\/wp-content\/uploads\/2023\/12\/senescyt-logo-transparente-sombra-557x245-1-300x132.png\" class=\"attachment-medium size-medium wp-image-758\" alt=\"\" srcset=\"https:\/\/fungesta.com\/site\/wp-content\/uploads\/2023\/12\/senescyt-logo-transparente-sombra-557x245-1-300x132.png 300w, https:\/\/fungesta.com\/site\/wp-content\/uploads\/2023\/12\/senescyt-logo-transparente-sombra-557x245-1.png 557w\" sizes=\"(max-width: 300px) 100vw, 300px\" \/>\t\t\t\t\t\t\t\t\t\t\t\t\t\t\t<\/div>\n\t\t\t\t<\/div>\n\t\t\t\t<div class=\"elementor-element elementor-element-28e22a87 elementor-widget elementor-widget-heading\" data-id=\"28e22a87\" data-element_type=\"widget\" data-e-type=\"widget\" data-widget_type=\"heading.default\">\n\t\t\t\t<div class=\"elementor-widget-container\">\n\t\t\t\t\t<h5 class=\"elementor-heading-title elementor-size-default\">Secretar\u00eda de Educaci\u00f3n Superior, Ciencia, Tecnolog\u00eda e Innovaci\u00f3n\nACUERDO No. SENESCYT-2023-010<\/h5>\t\t\t\t<\/div>\n\t\t\t\t<\/div>\n\t\t\t\t<\/div>\n\t\t\t\t\t<\/div>\n\t\t\t\t<\/div>\n\t\t<div class=\"elementor-element elementor-element-12c4cd13 e-flex e-con-boxed e-con e-parent\" data-id=\"12c4cd13\" data-element_type=\"container\" data-e-type=\"container\" id=\"about\" data-settings=\"{&quot;background_background&quot;:&quot;classic&quot;}\">\n\t\t\t\t\t<div class=\"e-con-inner\">\n\t\t<div class=\"elementor-element elementor-element-2ace59d9 e-con-full e-flex e-con e-child\" data-id=\"2ace59d9\" data-element_type=\"container\" data-e-type=\"container\" data-settings=\"{&quot;background_background&quot;:&quot;classic&quot;}\">\n\t\t\t\t<div class=\"elementor-element elementor-element-3a918ef5 elementor-widget elementor-widget-image\" data-id=\"3a918ef5\" data-element_type=\"widget\" data-e-type=\"widget\" data-widget_type=\"image.default\">\n\t\t\t\t<div class=\"elementor-widget-container\">\n\t\t\t\t\t\t\t\t\t\t\t\t\t\t\t<img fetchpriority=\"high\" decoding=\"async\" width=\"500\" height=\"600\" src=\"https:\/\/fungesta.com\/site\/wp-content\/uploads\/2024\/05\/Fondo-Gesta-AKD-Ciencia-01-50x600-web.png\" class=\"attachment-large size-large wp-image-1211\" alt=\"\" srcset=\"https:\/\/fungesta.com\/site\/wp-content\/uploads\/2024\/05\/Fondo-Gesta-AKD-Ciencia-01-50x600-web.png 500w, https:\/\/fungesta.com\/site\/wp-content\/uploads\/2024\/05\/Fondo-Gesta-AKD-Ciencia-01-50x600-web-250x300.png 250w\" sizes=\"(max-width: 500px) 100vw, 500px\" \/>\t\t\t\t\t\t\t\t\t\t\t\t\t\t\t<\/div>\n\t\t\t\t<\/div>\n\t\t\t\t<\/div>\n\t\t<div class=\"elementor-element elementor-element-6a29874e e-con-full e-flex e-con e-child\" data-id=\"6a29874e\" data-element_type=\"container\" data-e-type=\"container\">\n\t\t\t\t<div class=\"elementor-element elementor-element-29d7e835 elementor-widget elementor-widget-heading\" data-id=\"29d7e835\" data-element_type=\"widget\" data-e-type=\"widget\" data-widget_type=\"heading.default\">\n\t\t\t\t<div class=\"elementor-widget-container\">\n\t\t\t\t\t<h2 class=\"elementor-heading-title elementor-size-default\">Recursos Acad\u00e9micos<\/h2>\t\t\t\t<\/div>\n\t\t\t\t<\/div>\n\t\t\t\t<div class=\"elementor-element elementor-element-1ceec2bb elementor-widget-divider--view-line elementor-widget elementor-widget-divider\" data-id=\"1ceec2bb\" data-element_type=\"widget\" data-e-type=\"widget\" data-widget_type=\"divider.default\">\n\t\t\t\t<div class=\"elementor-widget-container\">\n\t\t\t\t\t\t\t<div class=\"elementor-divider\">\n\t\t\t<span class=\"elementor-divider-separator\">\n\t\t\t\t\t\t<\/span>\n\t\t<\/div>\n\t\t\t\t\t\t<\/div>\n\t\t\t\t<\/div>\n\t\t\t\t<div class=\"elementor-element elementor-element-49967c06 elementor-widget elementor-widget-text-editor\" data-id=\"49967c06\" data-element_type=\"widget\" data-e-type=\"widget\" data-widget_type=\"text-editor.default\">\n\t\t\t\t<div class=\"elementor-widget-container\">\n\t\t\t\t\t\t\t\t\t<p>Ponemos a tu disposici\u00f3n una serie de recursos acad\u00e9micos cuidadosamente seleccionados que te ayudar\u00e1n a alcanzar tus metas. Desde art\u00edculos de investigaci\u00f3n, aulas virtuales hasta bases de datos, libros electr\u00f3nicos y tutoriales en l\u00ednea, cada recurso es una oportunidad para expandir tus conocimientos y habilidades.<\/p>\t\t\t\t\t\t\t\t<\/div>\n\t\t\t\t<\/div>\n\t\t\t\t<\/div>\n\t\t\t\t\t<\/div>\n\t\t\t\t<\/div>\n\t\t<div class=\"elementor-element elementor-element-3100e56 e-flex e-con-boxed e-con e-parent\" data-id=\"3100e56\" data-element_type=\"container\" data-e-type=\"container\">\n\t\t\t\t\t<div class=\"e-con-inner\">\n\t\t\t\t<div class=\"elementor-element elementor-element-11635f4 elementor-widget elementor-widget-heading\" data-id=\"11635f4\" data-element_type=\"widget\" data-e-type=\"widget\" data-widget_type=\"heading.default\">\n\t\t\t\t<div class=\"elementor-widget-container\">\n\t\t\t\t\t<h2 class=\"elementor-heading-title elementor-size-default\"><a href=\"https:\/\/miakd.com\/learning\/\">Laboratorios Virtuales para la Educaci\u00f3n<\/a><\/h2>\t\t\t\t<\/div>\n\t\t\t\t<\/div>\n\t\t\t\t<div class=\"elementor-element elementor-element-ca872e8 elementor-widget elementor-widget-image\" data-id=\"ca872e8\" data-element_type=\"widget\" data-e-type=\"widget\" data-widget_type=\"image.default\">\n\t\t\t\t<div class=\"elementor-widget-container\">\n\t\t\t\t\t\t\t\t\t\t\t\t\t\t\t\t<a href=\"https:\/\/miakd.com\/learning\/\">\n\t\t\t\t\t\t\t<img decoding=\"async\" width=\"1438\" height=\"1080\" src=\"https:\/\/fungesta.com\/site\/wp-content\/uploads\/2023\/12\/laboratorios-Virtuales-AKD-web.png\" class=\"attachment-full size-full wp-image-953\" alt=\"\" srcset=\"https:\/\/fungesta.com\/site\/wp-content\/uploads\/2023\/12\/laboratorios-Virtuales-AKD-web.png 1438w, https:\/\/fungesta.com\/site\/wp-content\/uploads\/2023\/12\/laboratorios-Virtuales-AKD-web-300x225.png 300w, https:\/\/fungesta.com\/site\/wp-content\/uploads\/2023\/12\/laboratorios-Virtuales-AKD-web-1024x769.png 1024w, https:\/\/fungesta.com\/site\/wp-content\/uploads\/2023\/12\/laboratorios-Virtuales-AKD-web-768x577.png 768w\" sizes=\"(max-width: 1438px) 100vw, 1438px\" \/>\t\t\t\t\t\t\t\t<\/a>\n\t\t\t\t\t\t\t\t\t\t\t\t\t\t\t<\/div>\n\t\t\t\t<\/div>\n\t\t\t\t<div class=\"elementor-element elementor-element-8e88b6c elementor-widget elementor-widget-heading\" data-id=\"8e88b6c\" data-element_type=\"widget\" data-e-type=\"widget\" data-widget_type=\"heading.default\">\n\t\t\t\t<div class=\"elementor-widget-container\">\n\t\t\t\t\t<h2 class=\"elementor-heading-title elementor-size-default\"><a href=\"https:\/\/miakd.com\/learning\/\">MiAKD Learning<\/a><\/h2>\t\t\t\t<\/div>\n\t\t\t\t<\/div>\n\t\t\t\t<div class=\"elementor-element elementor-element-1a77e92 elementor-widget elementor-widget-image\" data-id=\"1a77e92\" data-element_type=\"widget\" data-e-type=\"widget\" data-widget_type=\"image.default\">\n\t\t\t\t<div class=\"elementor-widget-container\">\n\t\t\t\t\t\t\t\t\t\t\t\t\t\t\t\t<a href=\"https:\/\/miakd.com\/learning\/\">\n\t\t\t\t\t\t\t<img loading=\"lazy\" decoding=\"async\" width=\"1290\" height=\"666\" src=\"https:\/\/fungesta.com\/site\/wp-content\/uploads\/2023\/12\/miakdlearning.png\" class=\"attachment-full size-full wp-image-885\" alt=\"\" srcset=\"https:\/\/fungesta.com\/site\/wp-content\/uploads\/2023\/12\/miakdlearning.png 1290w, https:\/\/fungesta.com\/site\/wp-content\/uploads\/2023\/12\/miakdlearning-300x155.png 300w, https:\/\/fungesta.com\/site\/wp-content\/uploads\/2023\/12\/miakdlearning-1024x529.png 1024w, https:\/\/fungesta.com\/site\/wp-content\/uploads\/2023\/12\/miakdlearning-768x397.png 768w\" sizes=\"(max-width: 1290px) 100vw, 1290px\" \/>\t\t\t\t\t\t\t\t<\/a>\n\t\t\t\t\t\t\t\t\t\t\t\t\t\t\t<\/div>\n\t\t\t\t<\/div>\n\t\t\t\t<div class=\"elementor-element elementor-element-5d660b3 elementor-widget elementor-widget-heading\" data-id=\"5d660b3\" data-element_type=\"widget\" data-e-type=\"widget\" data-widget_type=\"heading.default\">\n\t\t\t\t<div class=\"elementor-widget-container\">\n\t\t\t\t\t<h2 class=\"elementor-heading-title elementor-size-default\"><a href=\"https:\/\/aulacentral.org\/aula1\/\">AulaCentral<\/a><\/h2>\t\t\t\t<\/div>\n\t\t\t\t<\/div>\n\t\t\t\t<div class=\"elementor-element elementor-element-34a1c83 elementor-widget elementor-widget-image\" data-id=\"34a1c83\" data-element_type=\"widget\" data-e-type=\"widget\" data-widget_type=\"image.default\">\n\t\t\t\t<div class=\"elementor-widget-container\">\n\t\t\t\t\t\t\t\t\t\t\t\t\t\t\t\t<a href=\"https:\/\/aulacentral.org\/aula1\/\">\n\t\t\t\t\t\t\t<img loading=\"lazy\" decoding=\"async\" width=\"1264\" height=\"670\" src=\"https:\/\/fungesta.com\/site\/wp-content\/uploads\/2023\/12\/aulacentral.png\" class=\"attachment-full size-full wp-image-884\" alt=\"\" srcset=\"https:\/\/fungesta.com\/site\/wp-content\/uploads\/2023\/12\/aulacentral.png 1264w, https:\/\/fungesta.com\/site\/wp-content\/uploads\/2023\/12\/aulacentral-300x159.png 300w, https:\/\/fungesta.com\/site\/wp-content\/uploads\/2023\/12\/aulacentral-1024x543.png 1024w, https:\/\/fungesta.com\/site\/wp-content\/uploads\/2023\/12\/aulacentral-768x407.png 768w\" sizes=\"(max-width: 1264px) 100vw, 1264px\" \/>\t\t\t\t\t\t\t\t<\/a>\n\t\t\t\t\t\t\t\t\t\t\t\t\t\t\t<\/div>\n\t\t\t\t<\/div>\n\t\t\t\t<div class=\"elementor-element elementor-element-d48b657 elementor-widget elementor-widget-image\" data-id=\"d48b657\" data-element_type=\"widget\" data-e-type=\"widget\" data-widget_type=\"image.default\">\n\t\t\t\t<div class=\"elementor-widget-container\">\n\t\t\t\t\t\t\t\t\t\t\t\t\t\t\t\t<a href=\"https:\/\/aulacentral.org\/aula1\/\">\n\t\t\t\t\t\t\t<img loading=\"lazy\" decoding=\"async\" width=\"1036\" height=\"533\" src=\"https:\/\/fungesta.com\/site\/wp-content\/uploads\/2024\/01\/uceneaVirtualWeb.png\" class=\"attachment-full size-full wp-image-1064\" alt=\"\" srcset=\"https:\/\/fungesta.com\/site\/wp-content\/uploads\/2024\/01\/uceneaVirtualWeb.png 1036w, https:\/\/fungesta.com\/site\/wp-content\/uploads\/2024\/01\/uceneaVirtualWeb-300x154.png 300w, https:\/\/fungesta.com\/site\/wp-content\/uploads\/2024\/01\/uceneaVirtualWeb-1024x527.png 1024w, https:\/\/fungesta.com\/site\/wp-content\/uploads\/2024\/01\/uceneaVirtualWeb-768x395.png 768w\" sizes=\"(max-width: 1036px) 100vw, 1036px\" \/>\t\t\t\t\t\t\t\t<\/a>\n\t\t\t\t\t\t\t\t\t\t\t\t\t\t\t<\/div>\n\t\t\t\t<\/div>\n\t\t\t\t\t<\/div>\n\t\t\t\t<\/div>\n\t\t<div class=\"elementor-element elementor-element-46180ba2 e-flex e-con-boxed e-con e-parent\" data-id=\"46180ba2\" data-element_type=\"container\" data-e-type=\"container\" data-settings=\"{&quot;background_background&quot;:&quot;classic&quot;}\">\n\t\t\t\t\t<div class=\"e-con-inner\">\n\t\t<div class=\"elementor-element elementor-element-b94a08f e-con-full e-flex e-con e-child\" data-id=\"b94a08f\" data-element_type=\"container\" data-e-type=\"container\" data-settings=\"{&quot;background_background&quot;:&quot;classic&quot;}\">\n\t\t<div class=\"elementor-element elementor-element-4366440a e-con-full e-flex e-con e-child\" data-id=\"4366440a\" data-element_type=\"container\" data-e-type=\"container\">\n\t\t<div class=\"elementor-element elementor-element-10264534 e-con-full e-flex e-con e-child\" data-id=\"10264534\" data-element_type=\"container\" data-e-type=\"container\">\n\t\t\t\t<div class=\"elementor-element elementor-element-5596faac elementor-widget elementor-widget-heading\" data-id=\"5596faac\" data-element_type=\"widget\" data-e-type=\"widget\" data-widget_type=\"heading.default\">\n\t\t\t\t<div class=\"elementor-widget-container\">\n\t\t\t\t\t<h3 class=\"elementor-heading-title elementor-size-default\">Ll\u00e1menos para consultas GRATUITAS<\/h3>\t\t\t\t<\/div>\n\t\t\t\t<\/div>\n\t\t\t\t<div class=\"elementor-element elementor-element-75ec0ca2 elementor-widget elementor-widget-text-editor\" data-id=\"75ec0ca2\" data-element_type=\"widget\" data-e-type=\"widget\" data-widget_type=\"text-editor.default\">\n\t\t\t\t<div class=\"elementor-widget-container\">\n\t\t\t\t\t\t\t\t\t<p>Nuestra misi\u00f3n es apoyarte en tu desarrollo profesional e inserci\u00f3n laboral<\/p>\t\t\t\t\t\t\t\t<\/div>\n\t\t\t\t<\/div>\n\t\t\t\t<\/div>\n\t\t<div class=\"elementor-element elementor-element-7b1620af e-con-full e-flex e-con e-child\" data-id=\"7b1620af\" data-element_type=\"container\" data-e-type=\"container\">\n\t\t\t\t<div class=\"elementor-element elementor-element-425e8c7f elementor-align-center elementor-widget elementor-widget-button\" data-id=\"425e8c7f\" data-element_type=\"widget\" data-e-type=\"widget\" data-widget_type=\"button.default\">\n\t\t\t\t<div class=\"elementor-widget-container\">\n\t\t\t\t\t\t\t\t\t<div class=\"elementor-button-wrapper\">\n\t\t\t\t\t<a class=\"elementor-button elementor-button-link elementor-size-md\" href=\"#\">\n\t\t\t\t\t\t<span class=\"elementor-button-content-wrapper\">\n\t\t\t\t\t\t\t\t\t<span class=\"elementor-button-text\">Telf.\/Whatsapp: +593 9 63 63 2545<\/span>\n\t\t\t\t\t<\/span>\n\t\t\t\t\t<\/a>\n\t\t\t\t<\/div>\n\t\t\t\t\t\t\t\t<\/div>\n\t\t\t\t<\/div>\n\t\t\t\t<\/div>\n\t\t\t\t<\/div>\n\t\t\t\t<\/div>\n\t\t\t\t\t<\/div>\n\t\t\t\t<\/div>\n\t\t\t\t<\/div>\n\t\t","protected":false},"excerpt":{"rendered":"<p>Fundaci\u00f3n para la Gesti\u00f3n T\u00e9cnica y Acad\u00e9mica FunGesta Secretar\u00eda de Educaci\u00f3n Superior, Ciencia, Tecnolog\u00eda e Innovaci\u00f3n ACUERDO No. SENESCYT-2023-010 Recursos Acad\u00e9micos Ponemos a tu disposici\u00f3n una serie de recursos acad\u00e9micos cuidadosamente seleccionados que te ayudar\u00e1n a alcanzar tus metas. Desde art\u00edculos de investigaci\u00f3n, aulas virtuales hasta bases de datos, libros electr\u00f3nicos y tutoriales en l\u00ednea, [&hellip;]<\/p>\n","protected":false},"author":2,"featured_media":0,"parent":0,"menu_order":0,"comment_status":"closed","ping_status":"closed","template":"","meta":{"om_disable_all_campaigns":false,"_monsterinsights_skip_tracking":false,"_monsterinsights_sitenote_active":false,"_monsterinsights_sitenote_note":"","_monsterinsights_sitenote_category":0,"site-sidebar-layout":"no-sidebar","site-content-layout":"page-builder","ast-site-content-layout":"full-width-container","site-content-style":"default","site-sidebar-style":"default","ast-global-header-display":"","ast-banner-title-visibility":"","ast-main-header-display":"","ast-hfb-above-header-display":"","ast-hfb-below-header-display":"","ast-hfb-mobile-header-display":"","site-post-title":"disabled","ast-breadcrumbs-content":"","ast-featured-img":"disabled","footer-sml-layout":"","ast-disable-related-posts":"","theme-transparent-header-meta":"","adv-header-id-meta":"","stick-header-meta":"","header-above-stick-meta":"","header-main-stick-meta":"","header-below-stick-meta":"","astra-migrate-meta-layouts":"set","ast-page-background-enabled":"default","ast-page-background-meta":{"desktop":{"background-color":"","background-image":"","background-repeat":"repeat","background-position":"center center","background-size":"auto","background-attachment":"scroll","background-type":"","background-media":"","overlay-type":"","overlay-color":"","overlay-opacity":"","overlay-gradient":""},"tablet":{"background-color":"","background-image":"","background-repeat":"repeat","background-position":"center center","background-size":"auto","background-attachment":"scroll","background-type":"","background-media":"","overlay-type":"","overlay-color":"","overlay-opacity":"","overlay-gradient":""},"mobile":{"background-color":"","background-image":"","background-repeat":"repeat","background-position":"center center","background-size":"auto","background-attachment":"scroll","background-type":"","background-media":"","overlay-type":"","overlay-color":"","overlay-opacity":"","overlay-gradient":""}},"ast-content-background-meta":{"desktop":{"background-color":"var(--ast-global-color-5)","background-image":"","background-repeat":"repeat","background-position":"center center","background-size":"auto","background-attachment":"scroll","background-type":"","background-media":"","overlay-type":"","overlay-color":"","overlay-opacity":"","overlay-gradient":""},"tablet":{"background-color":"var(--ast-global-color-5)","background-image":"","background-repeat":"repeat","background-position":"center center","background-size":"auto","background-attachment":"scroll","background-type":"","background-media":"","overlay-type":"","overlay-color":"","overlay-opacity":"","overlay-gradient":""},"mobile":{"background-color":"var(--ast-global-color-5)","background-image":"","background-repeat":"repeat","background-position":"center center","background-size":"auto","background-attachment":"scroll","background-type":"","background-media":"","overlay-type":"","overlay-color":"","overlay-opacity":"","overlay-gradient":""}},"footnotes":""},"class_list":["post-847","page","type-page","status-publish","hentry"],"aioseo_notices":[],"_links":{"self":[{"href":"https:\/\/fungesta.com\/site\/index.php\/wp-json\/wp\/v2\/pages\/847","targetHints":{"allow":["GET"]}}],"collection":[{"href":"https:\/\/fungesta.com\/site\/index.php\/wp-json\/wp\/v2\/pages"}],"about":[{"href":"https:\/\/fungesta.com\/site\/index.php\/wp-json\/wp\/v2\/types\/page"}],"author":[{"embeddable":true,"href":"https:\/\/fungesta.com\/site\/index.php\/wp-json\/wp\/v2\/users\/2"}],"replies":[{"embeddable":true,"href":"https:\/\/fungesta.com\/site\/index.php\/wp-json\/wp\/v2\/comments?post=847"}],"version-history":[{"count":53,"href":"https:\/\/fungesta.com\/site\/index.php\/wp-json\/wp\/v2\/pages\/847\/revisions"}],"predecessor-version":[{"id":1223,"href":"https:\/\/fungesta.com\/site\/index.php\/wp-json\/wp\/v2\/pages\/847\/revisions\/1223"}],"wp:attachment":[{"href":"https:\/\/fungesta.com\/site\/index.php\/wp-json\/wp\/v2\/media?parent=847"}],"curies":[{"name":"wp","href":"https:\/\/api.w.org\/{rel}","templated":true}]}}